{"id":411,"date":"2024-10-08T07:02:57","date_gmt":"2024-10-08T05:02:57","guid":{"rendered":"https:\/\/arras-batterie.com\/?page_id=411"},"modified":"2024-10-11T11:30:05","modified_gmt":"2024-10-11T09:30:05","slug":"mentions-legales","status":"publish","type":"page","link":"https:\/\/arras-batterie.com\/index.php\/mentions-legales\/","title":{"rendered":"Mentions l\u00e9gales"},"content":{"rendered":"\t\t<div data-elementor-type=\"wp-page\" data-elementor-id=\"411\" class=\"elementor elementor-411\">\n\t\t\t\t<div class=\"elementor-element elementor-element-1447123 e-flex e-con-boxed e-con e-parent\" data-id=\"1447123\" data-element_type=\"container\" data-e-type=\"container\">\n\t\t\t\t\t<div class=\"e-con-inner\">\n\t\t\t\t<div class=\"elementor-element elementor-element-357a9cf elementor-widget elementor-widget-heading\" data-id=\"357a9cf\" data-element_type=\"widget\" data-e-type=\"widget\" data-widget_type=\"heading.default\">\n\t\t\t\t<div class=\"elementor-widget-container\">\n\t\t\t\t\t<h1 class=\"elementor-heading-title elementor-size-default\">MENTIONS LEGALES :<\/h1>\t\t\t\t<\/div>\n\t\t\t\t<\/div>\n\t\t\t\t\t<\/div>\n\t\t\t\t<\/div>\n\t\t<div class=\"elementor-element elementor-element-bae6fc7 e-flex e-con-boxed e-con e-parent\" data-id=\"bae6fc7\" data-element_type=\"container\" data-e-type=\"container\">\n\t\t\t\t\t<div class=\"e-con-inner\">\n\t\t\t\t<div class=\"elementor-element elementor-element-851f6a5 elementor-widget elementor-widget-heading\" data-id=\"851f6a5\" data-element_type=\"widget\" data-e-type=\"widget\" data-widget_type=\"heading.default\">\n\t\t\t\t<div class=\"elementor-widget-container\">\n\t\t\t\t\t<h2 class=\"elementor-heading-title elementor-size-default\">1. Pr\u00e9sentation du site<\/h2>\t\t\t\t<\/div>\n\t\t\t\t<\/div>\n\t\t\t\t\t<\/div>\n\t\t\t\t<\/div>\n\t\t<div class=\"elementor-element elementor-element-c3efc5c e-flex e-con-boxed e-con e-parent\" data-id=\"c3efc5c\" data-element_type=\"container\" data-e-type=\"container\">\n\t\t\t\t\t<div class=\"e-con-inner\">\n\t\t\t\t<div class=\"elementor-element elementor-element-0edd8be elementor-widget elementor-widget-text-editor\" data-id=\"0edd8be\" data-element_type=\"widget\" data-e-type=\"widget\" data-widget_type=\"text-editor.default\">\n\t\t\t\t<div class=\"elementor-widget-container\">\n\t\t\t\t\t\t\t\t\t<p>Conform\u00e9ment aux dispositions des articles 6-III et 19 de la Loi n\u00b0 2004-575 du 21 juin 2004 pour la Confiance dans l\u2019Economie Num\u00e9rique, dite LCEN, nous portons donc \u00e0 la connaissance des utilisateurs et visiteurs du site <a href=\"https:\/\/www.arras-batterie.com\/\" target=\"_blank\" rel=\"noopener\">www.arras-batterie.com<\/a>\u00a0les informations et mentions l\u00e9gales suivantes :<\/p><h4>Informations l\u00e9gales :<\/h4><p>Nom de l\u2019Entreprise : ARRAS BATTERIE<\/p><p>Adresse: 88\u00a0 rue d&#8217;Amiens 62000 ARRAS<br \/>SIRET : 908 136 245 00010<\/p><p>T\u00e9l\u00e9phone\u00a0 : 03 21 71 39 48 \/ 06 62 62 41 44<br \/>Adresse de courrier \u00e9lectronique :\u00a0<a href=\"mailto:contact@arras-batterie.com\" target=\"_blank\" rel=\"noopener\">contact@arras-batterie.com<\/a><\/p><p>Le Cr\u00e9ateur du site est : Julie Makowiecki<br \/>Le Responsable de la publication est : Julie Makowiecki<br \/>Pour la contacter :\u00a0<a href=\"mailto:contact@web-jdesign.com\" target=\"_blank\" rel=\"noopener\">contact@web-jdesign.com<\/a><br \/>Le responsable de la publication est une\u00a0personne physique.<\/p><p>L\u2019h\u00e9bergeur du site est : OVH \u2013 2 rue Kellermann \u2013 59100 Roubaix<\/p><h3>2. Description des services fournis :<\/h3><p>Le site<a href=\"https:\/\/www.arras-batterie.com\/\" target=\"_blank\" rel=\"noopener\">\u00a0www.arras-batterie.com<\/a>\u00a0a pour objet de fournir une information concernant l\u2019ensemble des activit\u00e9s de la soci\u00e9t\u00e9.<\/p><p>Le propri\u00e9taire du site s\u2019efforce de fournir sur son site des informations aussi pr\u00e9cises que possible. Cependant, les informations propos\u00e9es sur ce site sont donn\u00e9es \u00e0 titre indicatif, sont non exhaustives, et sont susceptibles d\u2019\u00e9voluer.<\/p><h3>3. Propri\u00e9t\u00e9 intellectuelle et contrefa\u00e7ons :<\/h3><p>Le propri\u00e9taire du site est propri\u00e9taire des droits de propri\u00e9t\u00e9 intellectuelle ou d\u00e9tient les droits d\u2019usage sur tous les \u00e9l\u00e9ments accessibles sur le site, notamment :<\/p><ul><li>les textes<\/li><li>images<\/li><li>graphismes<\/li><li>logo<\/li><li>ic\u00f4nes<\/li><li>sons<\/li><li>logiciels<\/li><li>ces mentions l\u00e9gales \u2026<\/li><\/ul><p>Toute reproduction, repr\u00e9sentation, modification, publication, adaptation totale ou partielle des \u00e9l\u00e9ments du site, quel que soit le moyen ou le proc\u00e9d\u00e9 utilis\u00e9, est interdite, sauf autorisation \u00e9crite pr\u00e9alable au Webmaster.<\/p><p>C\u2019est pourquoi, toute exploitation non autoris\u00e9e du site, ou d\u2019un quelconque de ses \u00e9l\u00e9ments, sera consid\u00e9r\u00e9e comme constitutive d\u2019une contrefa\u00e7on et poursuivie conform\u00e9ment aux dispositions des articles L.335-2 et suivants du Code de Propri\u00e9t\u00e9 Intellectuelle.<\/p><h3>4. Liens hypertextes et cookies :<\/h3><p>Ce site contient un certain nombre de liens vers d\u2019autres sites (partenaires, informations \u2026). Cependant, le propri\u00e9taire du site n\u2019a pas la possibilit\u00e9 de v\u00e9rifier le contenu des sites. Il d\u00e9cline donc toute responsabilit\u00e9 quand aux risques \u00e9ventuels de contenus illicites.<\/p><p>L\u2019utilisateur est inform\u00e9 que lors de ses visites sur le site, un ou des cookies sont susceptible de s\u2019installer automatiquement sur son ordinateur. Un cookie est un fichier de petite taille, qui ne permet pas l\u2019identification de l\u2019utilisateur. Cependant, il enregistre des informations relatives \u00e0 la navigation d\u2019un ordinateur sur un site. Les donn\u00e9es ainsi obtenues visent \u00e0 faciliter la navigation ult\u00e9rieure sur le site, et ont \u00e9galement vocation \u00e0 permettre diverses mesures de fr\u00e9quentation.<\/p><p>Le param\u00e9trage du logiciel de navigation permet d\u2019informer de la pr\u00e9sence de cookies et donc, \u00e9ventuellement, de les refuser de la mani\u00e8re d\u00e9crite \u00e0 l\u2019adresse suivante :\u00a0<a href=\"http:\/\/www.cnil.fr\/\" target=\"_blank\" rel=\"noopener\">www.cnil.fr<\/a><br \/>Cependant, le refus d\u2019installation d\u2019un cookie peut entra\u00eener l\u2019impossibilit\u00e9 d\u2019acc\u00e9der \u00e0 certains services.<\/p><h3>5. Protection des biens et des personnes et gestion des donn\u00e9es personnelles :<\/h3><p>Utilisateur : Internaute se connectant, utilisant ce site<br \/>En France, les donn\u00e9es personnelles sont notamment sous protection de la loi n\u00b0 78-87 du 6 janvier 1978, la loi n\u00b0 2004-801 du 6 ao\u00fbt 2004, l\u2019article L. 226-13 du Code P\u00e9nal et la Directive Europ\u00e9enne du 24 octobre 1995.<\/p><p>Sur ce site, le propri\u00e9taire ne collecte des informations personnelles relatives \u00e0 l\u2019utilisateur que pour le besoin de certains services propos\u00e9s. L\u2019utilisateur fournit ces informations en toute connaissance de cause, notamment lorsqu\u2019il proc\u00e8de par lui-m\u00eame \u00e0 leur saisie. Il est alors pr\u00e9cis\u00e9 \u00e0 l\u2019utilisateur du site l\u2019obligation ou non de fournir ces informations.<\/p><h4>Droits d\u2019acc\u00e8s :<\/h4><p>Conform\u00e9ment aux dispositions des articles 38 et suivants de la loi 78-17 du 6 janvier 1978 relative \u00e0 l\u2019informatique, aux fichiers et aux libert\u00e9s. Tout utilisateur dispose d\u2019un droit d\u2019acc\u00e8s, de rectification, de suppression et d\u2019opposition aux donn\u00e9es personnelles le concernant. Pour l\u2019exercer, adressez votre demande par e-mail. Vous pouvez aussi effectuer une demande \u00e9crite et sign\u00e9e. Merci d\u2019y joindre aussi une copie du titre d\u2019identit\u00e9 avec signature du titulaire de la pi\u00e8ce. Merci aussi de pr\u00e9ciser votre adresse de contact.<\/p><p>Aucune information personnelle de l\u2019utilisateur du site n\u2019est publi\u00e9e \u00e0 l\u2019insu de l\u2019utilisateur, \u00e9chang\u00e9e, transf\u00e9r\u00e9e, c\u00e9d\u00e9e ou vendue sur un support quelconque \u00e0 des tiers. Seule l\u2019hypoth\u00e8se du rachat du site<a href=\"https:\/\/www.agence-lapostolle.com\/\" target=\"_blank\" rel=\"noopener\">,<\/a>\u00a0et de ses droits, permettrait la transmission de ces informations \u00e0 l\u2019\u00e9ventuel acqu\u00e9reur. Il serait alors \u00e0 son tour responsable de la conservation et de la modification des donn\u00e9es de l\u2019utilisateur.<\/p><p>Ce site est en conformit\u00e9 avec le RGPD :\u00a0<a href=\"https:\/\/www.ovh.com\/fr\/protection-donnees-personnelles\/gdpr.xml\" target=\"_blank\" rel=\"noopener\">voir notre politique RGPD<\/a>.<br \/>Concernant les base donn\u00e9es, il existe la loi du 1er juillet 1998 transposant la directive 96\/9 du 11 mars 1996.<\/p>\t\t\t\t\t\t\t\t<\/div>\n\t\t\t\t<\/div>\n\t\t\t\t\t<\/div>\n\t\t\t\t<\/div>\n\t\t\t\t<\/div>\n\t\t","protected":false},"excerpt":{"rendered":"<p>MENTIONS LEGALES : 1. Pr\u00e9sentation du site Conform\u00e9ment aux dispositions des articles 6-III et 19 de la Loi n\u00b0 2004-575 [&hellip;]<\/p>\n","protected":false},"author":1,"featured_media":0,"parent":0,"menu_order":0,"comment_status":"closed","ping_status":"closed","template":"","meta":{"site-sidebar-layout":"no-sidebar","site-content-layout":"","ast-site-content-layout":"full-width-container","site-content-style":"default","site-sidebar-style":"default","ast-global-header-display":"","ast-banner-title-visibility":"","ast-main-header-display":"","ast-hfb-above-header-display":"","ast-hfb-below-header-display":"","ast-hfb-mobile-header-display":"","site-post-title":"disabled","ast-breadcrumbs-content":"","ast-featured-img":"disabled","footer-sml-layout":"","theme-transparent-header-meta":"","adv-header-id-meta":"","stick-header-meta":"","header-above-stick-meta":"","header-main-stick-meta":"","header-below-stick-meta":"","astra-migrate-meta-layouts":"default","ast-page-background-enabled":"default","ast-page-background-meta":{"desktop":{"background-color":"var(--ast-global-color-4)","background-image":"","background-repeat":"repeat","background-position":"center center","background-size":"auto","background-attachment":"scroll","background-type":"","background-media":"","overlay-type":"","overlay-color":"","overlay-opacity":"","overlay-gradient":""},"tablet":{"background-color":"","background-image":"","background-repeat":"repeat","background-position":"center center","background-size":"auto","background-attachment":"scroll","background-type":"","background-media":"","overlay-type":"","overlay-color":"","overlay-opacity":"","overlay-gradient":""},"mobile":{"background-color":"","background-image":"","background-repeat":"repeat","background-position":"center center","background-size":"auto","background-attachment":"scroll","background-type":"","background-media":"","overlay-type":"","overlay-color":"","overlay-opacity":"","overlay-gradient":""}},"ast-content-background-meta":{"desktop":{"background-color":"var(--ast-global-color-5)","background-image":"","background-repeat":"repeat","background-position":"center center","background-size":"auto","background-attachment":"scroll","background-type":"","background-media":"","overlay-type":"","overlay-color":"","overlay-opacity":"","overlay-gradient":""},"tablet":{"background-color":"var(--ast-global-color-5)","background-image":"","background-repeat":"repeat","background-position":"center center","background-size":"auto","background-attachment":"scroll","background-type":"","background-media":"","overlay-type":"","overlay-color":"","overlay-opacity":"","overlay-gradient":""},"mobile":{"background-color":"var(--ast-global-color-5)","background-image":"","background-repeat":"repeat","background-position":"center center","background-size":"auto","background-attachment":"scroll","background-type":"","background-media":"","overlay-type":"","overlay-color":"","overlay-opacity":"","overlay-gradient":""}},"footnotes":""},"class_list":["post-411","page","type-page","status-publish","hentry"],"yoast_head":"<!-- This site is optimized with the Yoast SEO plugin v27.4 - https:\/\/yoast.com\/product\/yoast-seo-wordpress\/ -->\n<title>Mentions l\u00e9gales - Arras Batterie<\/title>\n<meta name=\"description\" content=\"Les Mentions l\u00e9gales pr\u00e9cise les coordonn\u00e9es d&#039; Arras Batterie ainsi que les diff\u00e9rentes r\u00e9glementations auxquelles nous sommes soumis.\" \/>\n<meta name=\"robots\" content=\"index, follow, max-snippet:-1, max-image-preview:large, max-video-preview:-1\" \/>\n<link rel=\"canonical\" href=\"https:\/\/arras-batterie.com\/index.php\/mentions-legales\/\" \/>\n<meta property=\"og:locale\" content=\"en_US\" \/>\n<meta property=\"og:type\" content=\"article\" \/>\n<meta property=\"og:title\" content=\"Mentions l\u00e9gales - Arras Batterie\" \/>\n<meta property=\"og:description\" content=\"Les Mentions l\u00e9gales pr\u00e9cise les coordonn\u00e9es d&#039; Arras Batterie ainsi que les diff\u00e9rentes r\u00e9glementations auxquelles nous sommes soumis.\" \/>\n<meta property=\"og:url\" content=\"https:\/\/arras-batterie.com\/index.php\/mentions-legales\/\" \/>\n<meta property=\"og:site_name\" content=\"Arras Batterie\" \/>\n<meta property=\"article:modified_time\" content=\"2024-10-11T09:30:05+00:00\" \/>\n<meta property=\"og:image\" content=\"https:\/\/arras-batterie.com\/wp-content\/uploads\/2024\/09\/LOGO-4.png\" \/>\n\t<meta property=\"og:image:width\" content=\"1536\" \/>\n\t<meta property=\"og:image:height\" content=\"1203\" \/>\n\t<meta property=\"og:image:type\" content=\"image\/png\" \/>\n<meta name=\"twitter:card\" content=\"summary_large_image\" \/>\n<meta name=\"twitter:label1\" content=\"Est. reading time\" \/>\n\t<meta name=\"twitter:data1\" content=\"4 minutes\" \/>\n<script type=\"application\/ld+json\" class=\"yoast-schema-graph\">{\"@context\":\"https:\\\/\\\/schema.org\",\"@graph\":[{\"@type\":\"WebPage\",\"@id\":\"https:\\\/\\\/arras-batterie.com\\\/index.php\\\/mentions-legales\\\/\",\"url\":\"https:\\\/\\\/arras-batterie.com\\\/index.php\\\/mentions-legales\\\/\",\"name\":\"Mentions l\u00e9gales - Arras Batterie\",\"isPartOf\":{\"@id\":\"https:\\\/\\\/arras-batterie.com\\\/#website\"},\"datePublished\":\"2024-10-08T05:02:57+00:00\",\"dateModified\":\"2024-10-11T09:30:05+00:00\",\"description\":\"Les Mentions l\u00e9gales pr\u00e9cise les coordonn\u00e9es d' Arras Batterie ainsi que les diff\u00e9rentes r\u00e9glementations auxquelles nous sommes soumis.\",\"breadcrumb\":{\"@id\":\"https:\\\/\\\/arras-batterie.com\\\/index.php\\\/mentions-legales\\\/#breadcrumb\"},\"inLanguage\":\"en-US\",\"potentialAction\":[{\"@type\":\"ReadAction\",\"target\":[\"https:\\\/\\\/arras-batterie.com\\\/index.php\\\/mentions-legales\\\/\"]}]},{\"@type\":\"BreadcrumbList\",\"@id\":\"https:\\\/\\\/arras-batterie.com\\\/index.php\\\/mentions-legales\\\/#breadcrumb\",\"itemListElement\":[{\"@type\":\"ListItem\",\"position\":1,\"name\":\"Accueil\",\"item\":\"https:\\\/\\\/arras-batterie.com\\\/\"},{\"@type\":\"ListItem\",\"position\":2,\"name\":\"Mentions l\u00e9gales\"}]},{\"@type\":\"WebSite\",\"@id\":\"https:\\\/\\\/arras-batterie.com\\\/#website\",\"url\":\"https:\\\/\\\/arras-batterie.com\\\/\",\"name\":\"www.Arras-batterie.com\",\"description\":\"Votre sp\u00e9cialiste de la batterie\",\"publisher\":{\"@id\":\"https:\\\/\\\/arras-batterie.com\\\/#organization\"},\"potentialAction\":[{\"@type\":\"SearchAction\",\"target\":{\"@type\":\"EntryPoint\",\"urlTemplate\":\"https:\\\/\\\/arras-batterie.com\\\/?s={search_term_string}\"},\"query-input\":{\"@type\":\"PropertyValueSpecification\",\"valueRequired\":true,\"valueName\":\"search_term_string\"}}],\"inLanguage\":\"en-US\"},{\"@type\":\"Organization\",\"@id\":\"https:\\\/\\\/arras-batterie.com\\\/#organization\",\"name\":\"Arras Batterie\",\"url\":\"https:\\\/\\\/arras-batterie.com\\\/\",\"logo\":{\"@type\":\"ImageObject\",\"inLanguage\":\"en-US\",\"@id\":\"https:\\\/\\\/arras-batterie.com\\\/#\\\/schema\\\/logo\\\/image\\\/\",\"url\":\"https:\\\/\\\/arras-batterie.com\\\/wp-content\\\/uploads\\\/2024\\\/09\\\/LOGO-4.png\",\"contentUrl\":\"https:\\\/\\\/arras-batterie.com\\\/wp-content\\\/uploads\\\/2024\\\/09\\\/LOGO-4.png\",\"width\":1536,\"height\":1203,\"caption\":\"Arras Batterie\"},\"image\":{\"@id\":\"https:\\\/\\\/arras-batterie.com\\\/#\\\/schema\\\/logo\\\/image\\\/\"}}]}<\/script>\n<!-- \/ Yoast SEO plugin. -->","yoast_head_json":{"title":"Mentions l\u00e9gales - Arras Batterie","description":"Les Mentions l\u00e9gales pr\u00e9cise les coordonn\u00e9es d' Arras Batterie ainsi que les diff\u00e9rentes r\u00e9glementations auxquelles nous sommes soumis.","robots":{"index":"index","follow":"follow","max-snippet":"max-snippet:-1","max-image-preview":"max-image-preview:large","max-video-preview":"max-video-preview:-1"},"canonical":"https:\/\/arras-batterie.com\/index.php\/mentions-legales\/","og_locale":"en_US","og_type":"article","og_title":"Mentions l\u00e9gales - Arras Batterie","og_description":"Les Mentions l\u00e9gales pr\u00e9cise les coordonn\u00e9es d' Arras Batterie ainsi que les diff\u00e9rentes r\u00e9glementations auxquelles nous sommes soumis.","og_url":"https:\/\/arras-batterie.com\/index.php\/mentions-legales\/","og_site_name":"Arras Batterie","article_modified_time":"2024-10-11T09:30:05+00:00","og_image":[{"width":1536,"height":1203,"url":"https:\/\/arras-batterie.com\/wp-content\/uploads\/2024\/09\/LOGO-4.png","type":"image\/png"}],"twitter_card":"summary_large_image","twitter_misc":{"Est. reading time":"4 minutes"},"schema":{"@context":"https:\/\/schema.org","@graph":[{"@type":"WebPage","@id":"https:\/\/arras-batterie.com\/index.php\/mentions-legales\/","url":"https:\/\/arras-batterie.com\/index.php\/mentions-legales\/","name":"Mentions l\u00e9gales - Arras Batterie","isPartOf":{"@id":"https:\/\/arras-batterie.com\/#website"},"datePublished":"2024-10-08T05:02:57+00:00","dateModified":"2024-10-11T09:30:05+00:00","description":"Les Mentions l\u00e9gales pr\u00e9cise les coordonn\u00e9es d' Arras Batterie ainsi que les diff\u00e9rentes r\u00e9glementations auxquelles nous sommes soumis.","breadcrumb":{"@id":"https:\/\/arras-batterie.com\/index.php\/mentions-legales\/#breadcrumb"},"inLanguage":"en-US","potentialAction":[{"@type":"ReadAction","target":["https:\/\/arras-batterie.com\/index.php\/mentions-legales\/"]}]},{"@type":"BreadcrumbList","@id":"https:\/\/arras-batterie.com\/index.php\/mentions-legales\/#breadcrumb","itemListElement":[{"@type":"ListItem","position":1,"name":"Accueil","item":"https:\/\/arras-batterie.com\/"},{"@type":"ListItem","position":2,"name":"Mentions l\u00e9gales"}]},{"@type":"WebSite","@id":"https:\/\/arras-batterie.com\/#website","url":"https:\/\/arras-batterie.com\/","name":"www.Arras-batterie.com","description":"Votre sp\u00e9cialiste de la batterie","publisher":{"@id":"https:\/\/arras-batterie.com\/#organization"},"potentialAction":[{"@type":"SearchAction","target":{"@type":"EntryPoint","urlTemplate":"https:\/\/arras-batterie.com\/?s={search_term_string}"},"query-input":{"@type":"PropertyValueSpecification","valueRequired":true,"valueName":"search_term_string"}}],"inLanguage":"en-US"},{"@type":"Organization","@id":"https:\/\/arras-batterie.com\/#organization","name":"Arras Batterie","url":"https:\/\/arras-batterie.com\/","logo":{"@type":"ImageObject","inLanguage":"en-US","@id":"https:\/\/arras-batterie.com\/#\/schema\/logo\/image\/","url":"https:\/\/arras-batterie.com\/wp-content\/uploads\/2024\/09\/LOGO-4.png","contentUrl":"https:\/\/arras-batterie.com\/wp-content\/uploads\/2024\/09\/LOGO-4.png","width":1536,"height":1203,"caption":"Arras Batterie"},"image":{"@id":"https:\/\/arras-batterie.com\/#\/schema\/logo\/image\/"}}]}},"_links":{"self":[{"href":"https:\/\/arras-batterie.com\/index.php\/wp-json\/wp\/v2\/pages\/411","targetHints":{"allow":["GET"]}}],"collection":[{"href":"https:\/\/arras-batterie.com\/index.php\/wp-json\/wp\/v2\/pages"}],"about":[{"href":"https:\/\/arras-batterie.com\/index.php\/wp-json\/wp\/v2\/types\/page"}],"author":[{"embeddable":true,"href":"https:\/\/arras-batterie.com\/index.php\/wp-json\/wp\/v2\/users\/1"}],"replies":[{"embeddable":true,"href":"https:\/\/arras-batterie.com\/index.php\/wp-json\/wp\/v2\/comments?post=411"}],"version-history":[{"count":15,"href":"https:\/\/arras-batterie.com\/index.php\/wp-json\/wp\/v2\/pages\/411\/revisions"}],"predecessor-version":[{"id":557,"href":"https:\/\/arras-batterie.com\/index.php\/wp-json\/wp\/v2\/pages\/411\/revisions\/557"}],"wp:attachment":[{"href":"https:\/\/arras-batterie.com\/index.php\/wp-json\/wp\/v2\/media?parent=411"}],"curies":[{"name":"wp","href":"https:\/\/api.w.org\/{rel}","templated":true}]}}